 the greatest common divisor of 1001058 and 6.
6
What is the greatest common divisor of 7502143 and 2398?
1199
What is the highest common factor of 433 and 475001?
433
What is the greatest common factor of 148 and 1227475?
37
Calculate the greatest common divisor of 18 and 1346784.
6
What is the greatest common divisor of 153 and 3349?
17
What is the highest common divisor of 24 and 170304?
24
What is the greatest common divisor of 36 and 9965286?
18
What is the greatest common factor of 117 and 21372?
39
Calculate the greatest common factor of 160 and 4780.
20
Calculate the highest common divisor of 12405936 and 446.
446
Calculate the greatest common divisor of 37136 and 633.
211
What is the greatest common factor of 100748 and 10502?
178
What is the greatest common factor of 702 and 63?
9
Calculate the highest common divisor of 7081 and 1168.
73
What is the highest common factor of 1056 and 80736?
96
Calculate the highest common factor of 812748 and 15.
3
What is the highest common factor of 1613698 and 188?
94
Calculate the greatest common divisor of 1550300 and 518.
74
What is the highest common factor of 1064 and 36974?
266
Calculate the highest common factor of 446856 and 4330.
866
Calculate the greatest common divisor of 1105 and 234923.
221
Calculate the highest common factor of 3264 and 64056.
408
What is the greatest common factor of 1440 and 47232?
288
Calculate the greatest common factor of 231 and 1906674.
231
Calculate the highest common factor of 51189 and 453.
453
What is the highest common divisor of 461960 and 120?
40
What is the highest common divisor of 13952 and 2400?
32
Calculate the greatest common divisor of 968507 and 161.
23
What is the greatest common factor of 296708 and 4?
4
What is the greatest common divisor of 42 and 246939?
21
What is the greatest common divisor of 650 and 36738?
26
Calculate the highest common divisor of 6 and 6870.
6
Calculate the highest common factor of 532389 and 858.
429
What is the highest common divisor of 11197864 and 8?
8
Calculate the highest common divisor of 6519 and 492.
123
What is the greatest common factor of 65920 and 12?
4
Calculate the highest common factor of 20 and 23285.
5
What is the highest common factor of 1456 and 17488?
16
Calculate the greatest common divisor of 1130 and 21510.
10
Calculate the greatest common divisor of 158 and 814964.
158
What is the greatest common divisor of 2158 and 65468?
26
Calculate the greatest common factor of 1148 and 4296390.
574
Calculate the greatest common divisor of 245917 and 931.
133
What is the highest common divisor of 251704 and 584?
584
What is the greatest common factor of 85 and 257227?
17
Calculate the highest common factor of 323694 and 1764.
882
What is the greatest common factor of 6834 and 213?
3
Calculate the greatest common factor of 13312 and 2210.
26
Calculate the greatest common factor of 6 and 1158.
6
Calculate the highest common factor of 16 and 277448.
8
Calculate the highest common divisor of 510 and 250070.
170
What is the greatest common factor of 23968 and 644?
28
Calculate the greatest common factor of 24 and 5648.
8
Calculate the highest common divisor of 371696 and 2496.
208
Calculate the highest common divisor of 161 and 16583.
161
What is the greatest common factor of 526 and 597536?
526
What is the greatest common divisor of 893811 and 2259?
753
Calculate the highest common factor of 72 and 86418.
18
Calculate the greatest common divisor of 3115 and 36045.
445
What is the greatest common divisor of 8 and 72976?
8
What is the greatest common factor of 873 and 24638?
97
What is the greatest common factor of 266893 and 2508?
209
Calculate the greatest common factor of 520 and 7640.
40
Calculate the highest common divisor of 8183 and 3173.
167
What is the greatest common factor of 72 and 123528?
24
What is the highest common divisor of 89403 and 204?
51
What is the highest common factor of 5096 and 497224?
728
What is the greatest common factor of 128225 and 15833?
223
Calculate the highest common divisor of 45 and 13945.
5
What is the greatest common divisor of 47056 and 816?
272
Calculate the greatest common divisor of 51653 and 3948.
329
Calculate the greatest common divisor of 897 and 31993.
299
Calculate the greatest common divisor of 595833 and 357.
357
Calculate the greatest common factor of 14687 and 34012.
773
What is the highest common divisor of 123 and 873546?
123
Calculate the greatest common divisor of 621 and 90873.
207
Calculate the highest common factor of 157313 and 533.
13
What is the highest common factor of 113 and 144301?
113
Calculate the greatest common factor of 27120 and 630.
30
Calculate the greatest common factor of 2432 and 3743.
19
What is the highest common factor of 3340 and 1380?
20
Calculate the highest common divisor of 10905948 and 36.
36
What is the highest common factor of 15 and 4752?
3
What is the highest common divisor of 435 and 12383?
29
What is the greatest common factor of 364743 and 2673?
243
Calculate the greatest common factor of 68016 and 876.
12
Calculate the greatest common factor of 8266 and 6.
2
Calculate the highest common factor of 890 and 374245.
445
Calculate the highest common divisor of 1794 and 7981.
23
Calculate the highest common factor of 1320 and 15360.
120
What is the greatest common divisor of 146275 and 75?
25
What is the greatest common factor of 31871 and 36743?
203
What is the greatest common factor of 5018 and 156?
26
Calculate the greatest common divisor of 270180 and 418.
38
Calculate the highest common divisor of 4896 and 2907.
153
What is the greatest common factor of 6 and 868974?
6
What is the greatest common divisor of 173269 and 815?
163
Calculate the highest common divisor of 33579 and 1469.
13
What is the highest common factor of 20 and 76148?
4
Calculate the greatest common factor of 2 and 48132.
2
What is the highest common divisor of 7275 and 75?
75
Calculate the greatest common divisor of 124381 and 29.
29
What is the highest common divisor of 114139 and 23264?
727
Calculate the highest common divisor of 1566 and 14526.
54
What is the highest common divisor of 71919 and 4941?
549
Calculate the greatest common factor of 117948 and 8.
4
What is the highest common factor of 2990 and 2730?
130
Calculate the greatest common factor of 724624 and 16.
16
Calculate the greatest common divisor of 8118 and 262728.
738
What is the highest common factor of 1248 and 3552?
96
What is the highest common factor of 79220 and 30?
10
Calculate the highest common factor of 46872 and 315.
63
Calculate the highest common divisor of 15720 and 2910.
30
What is the greatest common divisor of 9542 and 442?
26
Calculate the highest common divisor of 876 and 22557.
219
What is the highest common divisor of 3976004 and 956?
956
Calculate the highest common divisor of 159 and 1306344.
159
Calculate the highest common divisor of 1740336 and 624.
624
What is the highest common factor of 30 and 88635?
15
What is the highest common divisor of 944 and 1712?
16
Calculate the greatest common divisor of 8857 and 731.
17
What is the highest common factor of 90 and 477380?
10
What is the greatest common divisor of 654 and 9907446?
654
What is the highest common factor of 765 and 12155?
85
What is the highest common factor of 23184 and 396?
36
Calculate the greatest common divisor of 357812 and 2639.
91
Calculate the highest common divisor of 785 and 185.
5
Calculate the highest common factor of 9 and 45459.
9
What is the highest common factor of 2976 and 384?
96
What is the highest common factor of 32825 and 5395?
65
Calculate the greatest common factor of 299 and 1564069.
299
Calculate the greatest common factor of 5599110 and 330.
330
What is the highest common factor of 45795 and 4773?
129
Calculate the greatest common factor of 156832 and 32.
32
What is the highest common divisor of 10717 and 266?
7
What is the highest common factor of 54229 and 29951?
61
Calculate the highest common divisor of 192 and 16768.
64
Calculate the greatest common divisor of 536 and 1453498.
134
Calculate the greatest common divisor of 1283058 and 1904.
238
What is the highest common factor of 49067 and 7766?
353
What is the greatest common factor of 518 and 142142?
14
What is 